undreds digit of m?
9
Suppose 425565 = 106*f - 85*f. What is the thousands digit of f?
0
Let a = 12372 + -6965. What is the units digit of a?
7
Let b = -482 + 825. Suppose 4*r - 3*g = -840, -r = -5*g + 274 - 47. Let o = b + r. What is the units digit of o?
6
Suppose 5*a + 61 = -3*c, 0 = 10*a - 6*a - c + 59. What is the hundreds digit of 8 + a - (0 - 825)?
8
Let p = 15269 - -18618. What is the thousands digit of p?
3
Let t(f) = -f**3 - 3*f**2 - 3*f + 8. Let a be t(0). Suppose 17*h - 1539 = a*h. What is the tens digit of h?
7
Let n(z) = -238*z + 636. What is the hundreds digit of n(-19)?
1
Suppose 0 = 3*x - l + 6, 2*l + 3*l = -15. Let v = 41 + x. What is the tens digit of 57/v*(91 - (-2)/(-2))?
3
Suppose 54*c - 216319 = 589469. What is the units digit of c?
2
Suppose 0 = 4*n - 2*n + 2*l - 88784, n - 4*l - 44367 = 0. What is the ten thousands digit of n?
4
Suppose 11*n + 238881 = -454933. What is the hundreds digit of n/(-77) - (-1)/(-7)?
8
Suppose b + 18 = 5*w, 3*b - b = 3*w - 22. Let k(t) = t**3 + 10*t**2 + 16*t - 3. Let a be k(b). Let j = 23 - a. What is the units digit of j?
6
Let y be (8/(-3))/((-1)/(-9)). Let u(h) = 5*h + 9. Let g be u(7). Let v = y + g. What is the tens digit of v?
2
Suppose 20*o - 80 = 10*o. Suppose 35 = o*g - g. Suppose 10*v - 765 = g*v. What is the units digit of v?
3
Let q(w) = -w**2 - 27*w - 21. Let j be 5*-1 - (-5 + 26). What is the units digit of q(j)?
5
Let m = -7031 + 14829. What is the hundreds digit of m?
7
What is the tens digit of (-10)/6 + (-16)/192*76 - -1487?
7
Let w(t) = -t + 121. Let d = -239 + 234. What is the tens digit of w(d)?
2
Suppose 0 = 9*m - 10*m - 1. Let w(o) = -3*o**3 + o**2 + 2*o + 1. Let x be w(m). Suppose x*r = 2*r + 5*j + 173, 2*j = -5*r + 730. What is the units digit of r?
8
Let w = -2073 - -4042. What is the tens digit of w?
6
What is the ten thousands digit of ((-1)/(4/(-47763)))/((-93)/(-248))?
3
Suppose -2*h + 4*r = -38254, -2*h = 4*r - 16150 - 22120. What is the hundreds digit of h?
1
Let v(q) = 6110*q**2 + 11*q - 5. What is the units digit of v(1)?
6
Suppose 0*b = 3*b - 774. Suppose 0 = -13*c + 66 + 142. Suppose -b = c*r - 18*r. What is the hundreds digit of r?
1
Suppose 0 = 37*w + 16048 - 804925. What is the ten thousands digit of w?
2
Suppose -3*z + 17 = -2*z. Suppose -141 = 4*p - z. Let i = p - -65. What is the tens digit of i?
3
Let d(j) = -10*j + 19. Let i(y) = -y**2 + 3. Let m be i(-4). Let r be d(m). Let u = r + -56. What is the units digit of u?
3
What is the hundreds digit of 61118/4*(9 + -7)?
5
Let l(h) = -42*h + 7. Let c be (-333)/54 + (-1)/(-6). Let a be l(c). Let p = a - 185. What is the tens digit of p?
7
Suppose -24663 = -4*y + 34601. What is the tens digit of y?
1
Suppose 3*c = -4*b + 30045, -7*c + 10*c = -2*b + 30033. What is the ten thousands digit of c?
1
Suppose l + 4*d - 38 = 0, -d = -5*l + 115 - 9. Suppose -200 = -5*h - 5. Let s = h - l. What is the units digit of s?
7
Suppose 20*y - 266054 = 243946. What is the units digit of y?
0
Let t = 41887 - 22236. What is the tens digit of t?
5
Let d(f) = -20*f - 68. Let p be d(-9). Let a = p - -560. What is the tens digit of a?
7
Suppose -4*y - d - 1348 = 0, 0 = -2*y + 205*d - 209*d - 660. Let r(n) = 98*n - 1. Let h be r(-2). Let j = h - y. What is the units digit of j?
1
Let b(l) = 2*l**3 + 2*l**2 + 3*l + 3. Let v be b(-3). Let u = 42 + v. Suppose 4*k - 5*m - 880 = u, k + 3*k + 5*m - 840 = 0. What is the hundreds digit of k?
2
Suppose -3*j - 5*d + 111 = 0, 4*d - 13 = -1. Suppose -326 = -2*h - j. What is the hundreds digit of h?
1
Suppose 0 = 57*s - 23*s + 2278. Let j = 615 - s. What is the tens digit of j?
8
Let k = -120 + 125. Suppose -8*m + 5*m = k*f - 5, 0 = 4*m + 3*f - 25. What is the tens digit of m?
1
Suppose 2*s = d - 18173, 484*d - 486*d + 5*s = -36351. What is the thousands digit of d?
8
Suppose 191*r = 2598252 + 4175372. What is the ten thousands digit of r?
3
Let q = 20209 - 10794. What is the tens digit of q?
1
Let r(w) = -398*w + 783. What is the thousands digit of r(-50)?
0
Suppose 4*b - 375 + 63 = 0. Suppose -1612 = -18*a + 201 + 1265. Let m = b + a. What is the hundreds digit of m?
2
Let u(s) = -348*s + 732. What is the tens digit of u(-2)?
2
Let k = -12753 + 18564. What is the thousands digit of k?
5
Let t(j) = j**3 + 24*j**2 - 27*j + 10. Suppose -50 = -5*a + 7*a. What is the tens digit of t(a)?
6
Let p = -43247 - -83735. What is the units digit of p?
8
Suppose 3*l - 3*g - 708 = 0, 5*l - 3*g + 4*g - 1210 = 0. Suppose 971 = 2*s + l. What is the units digit of s?
5
Let y = 1 + 3. Let s be (-4)/3*2520/(-240). What is the units digit of (-1287)/(-77) + y/s?
7
Suppose 5*b - 207964 = -14*c + 236780, 0 = 4*b - 4*c - 355856. What is the hundreds digit of b?
9
Let w = -677 - -8476. What is the hundreds digit of w?
7
Suppose 0 = 3*k - 3*u + 7*u + 1721, 3*u = -k - 567. Let o = 851 + k. What is the hundreds digit of o?
2
Suppose 0*j = 5*j + t - 12, 0 = 3*t - 6. Let g be (-38)/(-8) - 3*j/(-24). Suppose 0 = -0*c + g*c - 605. What is the tens digit of c?
2
Suppose -2*d + 154 = -0*d. Suppose 33 - d = x. What is the tens digit of ((-9)/(-15) + (-37)/20)*x?
5
Suppose 13*u + u = -630. Let c = -37 - u. Suppose 0 = -c*n + 5*n + 81. What is the tens digit of n?
2
Suppose -3*f = -2*z + 55, -2*f + 2 = z - 43. What is the units digit of (-1)/(-5) - (-12908)/z?
9
Let f(j) = 4 + 5*j - 3*j + 18*j**2 - 6. Let p be 7/(-5) + (357/35)/3. What is the units digit of f(p)?
4
Let j(y) be the second derivative of -y**5/20 + y**4/6 - 2*y**3/3 + 5*y**2/2 - 27*y. Let v be j(2). What is the units digit of 4 + 3/v - (-228 + 12)?
9
Let a be (-9 + 5)*(-1)/4. Suppose -2*f + 5*l = 10, -l + a = -4*f - 1. What is the units digit of f + (-3 - 143)/(-2)?
3
Suppose -4*v + 6*v = 0. Let a be (0 - -1)*(v - -229). Let r = a - 156. What is the units digit of r?
3
Let d = 606 - -247. Suppose f - 4*p - d = 0, 0 = 4*f - 27*p + 25*p - 3482. What is the units digit of f?
3
What is the thousands digit of (-66)/88 + (-490833)/(-28)?
7
Suppose -2060 - 34 = -v - 5*f, -3*f = -4*v + 8330. Suppose -4090 = -7*i + v. What is the hundreds digit of i?
8
Let y(u) = u**2 + 9*u + 3. Let n be y(-9). Suppose -n*f = -f. Suppose -j + 4*a + 112 = f, -3*j - 3*a = -j - 202. What is the tens digit of j?
0
Suppose 0 = 2*y + t, -t - 22 = -5*y + 2*t. Suppose -4*f - y*w = -f - 493, -521 = -3*f + 5*w. What is the tens digit of f?
6
Suppose 0 = r + 4*r - 4*n - 5, 4*n = -5*r - 35. What is the hundreds digit of ((-2)/(-12) - 16/r)*98?
5
Let n = 489 - 486. Suppose -2*z = 4*j - 438, -n*z - 7*j + 655 = -3*j. What is the tens digit of z?
1
Let x be 17/5 + 4/(-10). Let t(p) = 74*p - 32. Let j(v) = -9*v. Let n(g) = 4*j(g) + t(g). What is the tens digit of n(x)?
8
Let m = -32 - -37. Let f be 4/(-2) - (1 - m). Suppose f*d + 2*d = 260. What is the units digit of d?
5
What is the hundreds digit of ((-17)/((-204)/(-40)))/((-2)/354)?
5
Suppose -2*o + 3*l + 4806 = 2*o, 4*o - 2*l - 4812 = 0. What is the tens digit of o?
0
Let o = 817 - -5660. What is the thousands digit of o?
6
Let c(t) = 14*t**2 - 723*t - 8499. What is the tens digit of c(-12)?
9
Let b = 537 - 533. Let n = -2 + -2. What is the tens digit of (-78)/b*(n + (-4)/(-3))?
5
Let c(h) = h**3 + 12*h**2 + 10. Let d be c(-12). Let w(g) = -1 - 6 - 4 - 2 - d*g. What is the tens digit of w(-8)?
6
Suppose -23*d + 4*p - 5176 = -27*d, -4*p = 12. Let t = -170 + d. What is the tens digit of t?
2
Suppose 3*g - 4*s - 13 = 0, -4*s + s + 9 = 4*g. Let a(i) = 13 - 41*i**3 + 86*i**3 + 11*i**2 - 44*i**g. What is the hundreds digit of a(-8)?
2
Let j be ((-3)/5 + (-132)/30)/(-1). Suppose x - 5*g = -4*g + 242, 3*g - 1194 = -j*x. Suppose x = 11*m - 343. What is the units digit of m?
3
Suppose -3*n + 2*w = 3*w - 17, -4*n + 8 = 5*w. Let d be (-1 - (-7 - 2)) + 0. Suppose -n*k - 134 = -d*k. What is the tens digit of k?
3
Suppose 52*r - 669841 - 1087239 = 0. What is the units digit of r?
0
Suppose 18*h = 44*h + 546. What is the units digit of (108/h)/(48/(-6272))?
2
Let a(w) = 8*w + 0*w - 7*w**2 + w**3 - 4 + 3*w**2 - 2*w**2. Let d be a(4). What is the units digit of (0 - (d - 76)) + 0?
0
Suppose -6*j + 16 - 4 = 0. Suppose -5*c + 1983 = 3*w, -3*c + 383 = -j*c + 4*w. What is the hundreds digit of c?
3
What is the tens digit of 7/((-14336)/(-2863) + -5)*3?
6
Let q(c) = -c*